False
Let d = 13 + -14. Is (-6 - -5)*d*67 composite?
False
Suppose -x + 4*x - 9 = 3*u, 0 = -x + 5*u - 5. Suppose 2*h = 57 + x. Is h prime?
True
Suppose -2*l - 2*l + 11 = -d, -d - l = 6. Let g = 7 + d. Suppose -5*i + 274 - 39 = g. Is i a prime number?
True
Is (2/6)/(2/17214) prime?
False
Suppose -4*j - 16 = -2*s, -j = -1 + 5. Suppose 2*t + s*t = 8. Is t a composite number?
True
Let m be 101/2 - (-3)/(-6). Let u = 101 - 70. Let s = m - u. Is s composite?
False
Let h be (0 + 1)*-1 + -8. Let a(w) = 23*w - 4. Let o(c) = 11*c - 2. Let s(t) = h*o(t) + 4*a(t). Is s(-7) a prime number?
False
Suppose -q + 1 = 0, 0 = -3*p - 4*q + 5*q + 2006. Is p a prime number?
False
Let l = -5 - -5. Suppose -226 = -0*y - 4*y + 2*d, l = 4*y - d - 223. Is y a prime number?
False
Suppose 5 = 2*f + 1. Suppose 0 = -f*k + 7*k - 1260. Suppose 4*b - k = 128. Is b a prime number?
False
Let b(p) = -60*p + 38. Is b(-27) a composite number?
True
Let p(s) = s**2 - s + 1. Let d be (-336)/88 + 2/(-11). Let o(r) = -r**2 - 4*r + 3. Let k be o(d). Is p(k) a composite number?
False
Let u = 10 - 8. Suppose -108 = -u*d + 2*b, -2*b + 4 + 47 = d. Is d composite?
False
Suppose -w + 1262 = -0*w - 3*p, -3*w = 3*p - 3774. Is w a composite number?
False
Let j be (-9)/18 - 170/4. Let z = 44 - j. Is z a composite number?
True
Suppose 2*o + 3*v + 288 = -o, 5*v + 100 = -o. Let t be (-136)/(-2 + 1) + -2. Let x = o + t. Is x a composite number?
True
Is (4/2)/1 + 203 prime?
False
Is 962/14 - (-50)/175 prime?
False
Suppose -3 = a - j - 0*j, 0 = -2*a - j + 6. Is (52 - (a + 2)) + 0 composite?
True
Let b(k) = 13*k**2 + 2*k + 16. Is b(9) composite?
False
Let o = 3 + 0. Suppose -3*t = 2*t - 20, -4*j - o*t = -20. Suppose p = -p - 4*i + 42, i - 57 = -j*p. Is p a prime number?
True
Suppose -2*v = -6*v - 3*j + 1520, -5*v = j - 1889. Is v prime?
False
Suppose 0 = 5*t - 2*t. Let h(d) = -d + 76. Let q be h(t). Let f = q - 53. Is f a composite number?
False
Let q(v) be the second derivative of -5*v**3/3 - v**2/2 + 2*v. Is q(-2) a prime number?
True
Suppose 2*u = i - 2, 5*u - u + 10 = 3*i. Suppose -19 = -5*t + i. Is (174/t)/(2/5) a prime number?
False
Let v(a) = -a**2 - 13*a - 5. Suppose 3 = -2*q - 0*k - 3*k, -4*k - 14 = q. Let y be (q/4)/((-1)/4). Is v(y) a composite number?
False
Is 127*3*-6*(-6)/108 a composite number?
False
Let q = 4 + 58. Suppose 5*y = 43 + q. Suppose 0 = 2*k + k - y. Is k a composite number?
False
Suppose 4*q + 8 = 2*k, -q = -3*q. Suppose 9*n - k*n - 265 = 0. Is n prime?
True
Is (-828)/(-15) + 6/(-30) a prime number?
False
Let z(t) = 4*t**2 + 6*t - 17. Is z(-8) a prime number?
True
Suppose 18 = y + 5*j, -j + 3 + 1 = 0. Let l be (y + 3)/(1/2). Suppose -77 = -2*s - d + l*d, s - 33 = -5*d. Is s composite?
True
Suppose n - v - 374 = 0, n + 3*v - 250 = 112. Is n a prime number?
False
Let t(j) = -279*j. Let r be t(-1). Suppose 4*w - 59 = -2*d + r, -5*w + 424 = d. Is w a composite number?
True
Let v(t) = 469*t**2 - t + 1. Is v(1) a composite number?
True
Suppose -p + 87 = b, 3*b - 5*p = 46 + 183. Is b a prime number?
True
Let p = 41 - 78. Let y = p - -74. Is y a composite number?
False
Suppose -104 = 3*f - 11. Let l = f + 50. Is l prime?
True
Let j be 138/(-15)*60/(-2). Is (26/(-6))/((-4)/j) composite?
True
Let a(c) = 14*c + 1. Suppose -2*t = t - 15. Let v = t + -4. Is a(v) a prime number?
False
Suppose -503 = 2*d - 5*d - 5*j, -5*d = j - 809. Is d a prime number?
False
Let t(a) = a**3 + 4*a**2 - 3*a - 5. Let w be t(-4). Suppose r + w = 41. Is r composite?
True
Suppose 0*d - 3*d = 5*x - 364, -3*d + x + 334 = 0. Is d a prime number?
True
Let v(f) = f**3 - f**2 - 5*f - 6. Is v(5) prime?
False
Let p = 31 + -16. Is 11145/p*(1 - 0) prime?
True
Suppose -5*f = -8*f + 1479. Is f composite?
True
Let r(a) = a**3 - 5*a**2 - 5*a - 2. Let j be r(6). Let l be ((-6)/8)/(j/16). Is (l + 2)/1 + 38 a composite number?
False
Suppose 8*u + 146 = 9*u. Is u a composite number?
True
Let q = -1038 - -2815. Is q composite?
False
Suppose -3*w + 15 = -0*w. Suppose -18 + 88 = -w*y. Is (-4)/y - (-962)/14 a composite number?
True
Let q(a) be the second derivative of 17*a**5/30 + a**3/6 + a**2 - 2*a. Let p(k) be the first derivative of q(k). Is p(1) a prime number?
False
Let z = -2 - 0. Let f be z/(-3) + 65/15. Suppose 5*c = -f, -c - 26 = -2*g + 21. Is g prime?
True
Is 0 - (-4 + -301 + -2) composite?
False
Suppose -402 = 5*c - 1327. Suppose z = -4*z + c. Is z prime?
True
Suppose 0 = 3*y - 8 + 2. Suppose -y*m - 76 = -4*m. Is m a prime number?
False
Let h(o) = 4*o - 3*o - 6*o**2 + 5*o**2 + 79 + 0*o**2. Is h(0) a prime number?
True
Suppose 26 = 6*w - 2*w + 2*a, 4*a = 12. Suppose 2*h + 0*b - w*b - 12 = 0, -27 = -3*h + 3*b. Is h composite?
False
Suppose -3*q + 0*q - 3*d + 1947 = 0, -2*d - 8 = 0. Is q a composite number?
False
Suppose u + 3 - 2 = 0. Let z be 1/((-78)/81 - u). Suppose -4*q + q = -z. Is q prime?
False
Let m = 191 + 37. Let i = -87 + m. Is i a prime number?
False
Suppose 0 = n + 4*c - 2, 4*n = -6*c + c - 3. Let r be 0 - ((0 - 53) + n). Suppose -8*w + 3*w + r = 0. Is w composite?
False
Suppose 5*x - x = a + 100, -3*x + a + 75 = 0. Let q = x - 14. Is q a prime number?
True
Suppose 5*k = 2*k + 3. Is 120 - ((-8)/2 + k) a composite number?
True
Suppose 0 = -5*p - 135 + 620. Is p a composite number?
False
Let u be 2/9 + (-3585)/(-27). Suppose -3*d + u = 31. Is d prime?
False
Let x(q) = -121*q + 5. Is x(-4) a prime number?
False
Let k(c) = 14*c - 6. Is k(16) a prime number?
False
Is -2*4/(-8)*53 a composite number?
False
Suppose -s - 3*b + 10 = 0, 4*b - 6 = -7*s + 2*s. Is (1/s)/((-11)/10714) prime?
True
Is (9/(-15))/((-2)/110) a prime number?
False
Let i(f) be the third derivative of f**6/120 + f**5/12 - f**4/24 - f**3/6 + f**2. Let z be i(-5). Is z/(-22) - (-1003)/11 a prime number?
False
Suppose 2*g + 3*g = 15. Let z(j) = 6*j**2 - 3*j + 4. Let r be z(g). Let d = -16 + r. Is d prime?
False
Suppose 4*x = -t + 9, -4*t + 2 = -5*x + 8. Let a(i) = 3 + 0*i**2 - i + 3*i**x + 11*i**2 - i. Is a(2) prime?
False
Suppose -3*p + 636 = p. Is p a prime number?
False
Let y(f) = f - 2. Let x be y(5). Let r = 1 - 1. Suppose r = x*c - 2*o - 161, -7*c = -2*c + o - 264. Is c a composite number?
False
Suppose d + 0 = 5. Suppose d*x + 9 = -46. Is 4/22 + (-339)/x a composite number?
False
Let q(y) = -20*y**2 - 3*y - 1. Let d be q(-2). Let u = -44 - d. Is u a prime number?
True
Let g = -238 + 545. Is g a prime number?
True
Let w = -25 + 25. Is (w - -4)*(-267)/(-12) a prime number?
True
Suppose 5*o + 2*f - 63 = 4*o, -15 = -5*f. Is o composite?
True
Suppose 1 = 2*w - 3*m - 10, 5*m = -5*w + 15. Is ((-2)/(-3))/(w/762) composite?
False
Let g(u) = -11*u**2 - 12*u + 9. Let k be g(-9). Let l be (-5)/(-20) + k/(-8). Let j = -66 + l. Is j a prime number?
True
Suppose -7*v + 9527 = -0*v. Is v prime?
True
Let y = -5 - -7. Suppose r = -y*b + 39, 59 = 3*b + r + r. Is b prime?
True
Let r(g) = 20*g**2 - 2*g + 3. Is r(-4) a prime number?
True
Is ((-6)/9)/(4/(-522)) composite?
True
Let x be (-206)/(-6) - (-1)/(-3). Let a = x + 54. Let m = -41 + a. Is m prime?
True
Suppose 86 = v - 73. Is v prime?
False
Let g(w) = 542*w - 5. Is g(3) composite?
False
Let z(y) = 3*y**2 - 18*y - 10. Is z(15) a composite number?
True
Suppose 0 = 2*b - b - 533. Is b prime?
False
Let i = -1492 - -2643. Is i a prime number?
True
Is ((-3)/((-3)/10))/(12/2994) composite?
True
Let u be (-2)/(1 - 2) + -83. Let w = u + 134. Is w a prime number?
True
Let w(i) = 8*i - 5. Let p(s) = 3*s**3 - 4*s**2 + s + 2. Let d be p(2). Is w(d) prime?
False
Let j be 7*14 - (0 + -2). Let x = j + -182. Let k = x - -293. Is k a prime number?
True
Let q be -3 + (-2 - -309)/1. Suppose q = 4*o - 924. Is o a prime number?
True
Let g = 377 + -35. Suppose 4*m - i - g = 28, -m - 2*i = -97. Is m composite?
True
Let v(t) = t**3 + 11*t**2 - 11*t - 2. Suppose -5*a = 4*u - 15, 0*u + 12 = 4*a - u. Let r(z) = -3*z. Let l be r(a). Is v(l) a composite number?
True
Is 4/(-1) - (1179/(-3) + -2) composite?
True
Let f(u) = 7*u + 2. Let m(z) = -z**3 - 5*z**2 - 6*z - 5. Let s be m(-4). Is f(s) a prime number?
True
Suppose 4*y - 712 = h, 3544 = -5*h - 0*y + 4*y. Let d = -137 - h. Is d a composite number?
False
Let k(d) be the third derivative of 17*d**4/24 - 2*d**3/3 + d**2. Is k(9) a composite number?
False
Suppose -262 = -0*g - 2*g. Is g co